{"id":5133,"date":"2025-10-09T17:00:05","date_gmt":"2025-10-09T17:00:05","guid":{"rendered":"https:\/\/kraamzorgbalkan.nl\/?page_id=5133"},"modified":"2025-10-10T17:55:18","modified_gmt":"2025-10-10T17:55:18","slug":"vacature","status":"publish","type":"page","link":"https:\/\/kraamzorgbalkan.nl\/?page_id=5133","title":{"rendered":"Vacatures"},"content":{"rendered":"\t\t<div data-elementor-type=\"wp-page\" data-elementor-id=\"5133\" class=\"elementor elementor-5133\">\n\t\t\t\t\t\t<section class=\"elementor-section elementor-top-section elementor-element elementor-element-a76b042 elementor-section-boxed elementor-section-height-default elementor-section-height-default\" data-id=\"a76b042\" data-element_type=\"section\" data-e-type=\"section\">\n\t\t\t\t\t\t<div class=\"elementor-container elementor-column-gap-default\">\n\t\t\t\t\t<div class=\"elementor-column elementor-col-100 elementor-top-column elementor-element elementor-element-51a7ab9\" data-id=\"51a7ab9\" data-element_type=\"column\" data-e-type=\"column\">\n\t\t\t<div class=\"elementor-widget-wrap elementor-element-populated\">\n\t\t\t\t\t\t<div class=\"elementor-element elementor-element-7d6a491 elementor-widget elementor-widget-heading\" data-id=\"7d6a491\" data-element_type=\"widget\" data-e-type=\"widget\" data-widget_type=\"heading.default\">\n\t\t\t\t<div class=\"elementor-widget-container\">\n\t\t\t\t\t<h2 class=\"elementor-heading-title elementor-size-default\">Onze vacatures<\/h2>\t\t\t\t<\/div>\n\t\t\t\t<\/div>\n\t\t\t\t\t<\/div>\n\t\t<\/div>\n\t\t\t\t\t<\/div>\n\t\t<\/section>\n\t\t\t\t<section class=\"elementor-section elementor-top-section elementor-element elementor-element-2c17c17 elementor-section-boxed elementor-section-height-default elementor-section-height-default\" data-id=\"2c17c17\" data-element_type=\"section\" data-e-type=\"section\">\n\t\t\t\t\t\t<div class=\"elementor-container elementor-column-gap-default\">\n\t\t\t\t\t<div class=\"elementor-column elementor-col-100 elementor-top-column elementor-element elementor-element-2e2bab2\" data-id=\"2e2bab2\" data-element_type=\"column\" data-e-type=\"column\">\n\t\t\t<div class=\"elementor-widget-wrap elementor-element-populated\">\n\t\t\t\t\t\t<div class=\"elementor-element elementor-element-0980d72 elementor-widget elementor-widget-text-editor\" data-id=\"0980d72\" data-element_type=\"widget\" data-e-type=\"widget\" data-widget_type=\"text-editor.default\">\n\t\t\t\t<div class=\"elementor-widget-container\">\n\t\t\t\t\t\t\t\t\t<p>Wij komen graag in contact met goed gemotiveerde en gekwalificeerde kraamzorg personeel. Ben je afgestudeerd in gezondheidszorg branche gevolgd, ervaring op een kraamzorg en vind je het leuk om bij KRAAMZORG BALKAN te komen werken laat het ons dan weten.<\/p><p><strong>Goede medewerkers zijn bij ons altijd welkom.<\/strong><\/p><p>Stuur je sollicitatiebrief met je CV per e-mail naar <a href=\"mailto:info@kraamzorgbalkan.nl\">info@kraamzorgbalkan.nl<\/a>.<\/p>\t\t\t\t\t\t\t\t<\/div>\n\t\t\t\t<\/div>\n\t\t\t\t\t<\/div>\n\t\t<\/div>\n\t\t\t\t\t<\/div>\n\t\t<\/section>\n\t\t\t\t<section class=\"elementor-section elementor-top-section elementor-element elementor-element-5958dfe elementor-section-boxed elementor-section-height-default elementor-section-height-default\" data-id=\"5958dfe\" data-element_type=\"section\" data-e-type=\"section\">\n\t\t\t\t\t\t<div class=\"elementor-container elementor-column-gap-default\">\n\t\t\t\t\t<div class=\"elementor-column elementor-col-100 elementor-top-column elementor-element elementor-element-8d3c7cb\" data-id=\"8d3c7cb\" data-element_type=\"column\" data-e-type=\"column\">\n\t\t\t<div class=\"elementor-widget-wrap elementor-element-populated\">\n\t\t\t\t\t\t<div class=\"elementor-element elementor-element-45998ff elementor-widget elementor-widget-heading\" data-id=\"45998ff\" data-element_type=\"widget\" data-e-type=\"widget\" data-widget_type=\"heading.default\">\n\t\t\t\t<div class=\"elementor-widget-container\">\n\t\t\t\t\t<h2 class=\"elementor-heading-title elementor-size-default\">Bekijk alle vacatures<\/h2>\t\t\t\t<\/div>\n\t\t\t\t<\/div>\n\t\t\t\t\t<\/div>\n\t\t<\/div>\n\t\t\t\t\t<\/div>\n\t\t<\/section>\n\t\t\t\t<section class=\"elementor-section elementor-top-section elementor-element elementor-element-cf24701 elementor-section-boxed elementor-section-height-default elementor-section-height-default\" data-id=\"cf24701\" data-element_type=\"section\" data-e-type=\"section\">\n\t\t\t\t\t\t<div class=\"elementor-container elementor-column-gap-default\">\n\t\t\t\t\t<div class=\"elementor-column elementor-col-100 elementor-top-column elementor-element elementor-element-68a63ef\" data-id=\"68a63ef\" data-element_type=\"column\" data-e-type=\"column\">\n\t\t\t<div class=\"elementor-widget-wrap elementor-element-populated\">\n\t\t\t\t\t\t<div class=\"elementor-element elementor-element-73969ef elementor-tabs-view-horizontal elementor-widget elementor-widget-tabs\" data-id=\"73969ef\" data-element_type=\"widget\" data-e-type=\"widget\" data-widget_type=\"tabs.default\">\n\t\t\t\t<div class=\"elementor-widget-container\">\n\t\t\t\t\t\t\t<div class=\"elementor-tabs\">\n\t\t\t<div class=\"elementor-tabs-wrapper\" role=\"tablist\" >\n\t\t\t\t\t\t\t\t\t<div id=\"elementor-tab-title-1211\" class=\"elementor-tab-title elementor-tab-desktop-title\" aria-selected=\"true\" data-tab=\"1\" role=\"tab\" tabindex=\"0\" aria-controls=\"elementor-tab-content-1211\" aria-expanded=\"false\">Gediplomeerd kraamverzorgende<\/div>\n\t\t\t\t\t\t\t\t\t<div id=\"elementor-tab-title-1212\" class=\"elementor-tab-title elementor-tab-desktop-title\" aria-selected=\"false\" data-tab=\"2\" role=\"tab\" tabindex=\"-1\" aria-controls=\"elementor-tab-content-1212\" aria-expanded=\"false\">Open Sollicitatie<\/div>\n\t\t\t\t\t\t\t<\/div>\n\t\t\t<div class=\"elementor-tabs-content-wrapper\" role=\"tablist\" aria-orientation=\"vertical\">\n\t\t\t\t\t\t\t\t\t<div class=\"elementor-tab-title elementor-tab-mobile-title\" aria-selected=\"true\" data-tab=\"1\" role=\"tab\" tabindex=\"0\" aria-controls=\"elementor-tab-content-1211\" aria-expanded=\"false\">Gediplomeerd kraamverzorgende<\/div>\n\t\t\t\t\t<div id=\"elementor-tab-content-1211\" class=\"elementor-tab-content elementor-clearfix\" data-tab=\"1\" role=\"tabpanel\" aria-labelledby=\"elementor-tab-title-1211\" tabindex=\"0\" hidden=\"false\"><h1>Gediplomeerd kraamverzorgende<\/h1>\n<p>Ben je kraamverzorgende? Dan kun je direct bij ons aan de slag. Je bent de avonden en nachten vrij \u00e9n hebt elke week een vaste vrije dag als je dat wilt.<\/p>\n<h2>Jij maakt het verschil.<br>Wij zorgen voor de rest.<\/h2>\n<p>Je houdt van je vak. Dat weten we zeker. Maar jij weet net zo goed hoe belangrijk het is om ook tijd te hebben voor jezelf. Voor je gezin, je hobby\u2019s of gewoon een dag niets. Bij KRAAMZORG BALKAN snappen we dat als geen ander. Daarom doen we n\u00e9t dat beetje extra om jouw werk \u00e9n priv\u00e9 in balans te houden. Want als jij lekker in je vel zit, heeft iedereen daar profijt van \u2013 jij, je collega\u2019s en vooral de gezinnen waar je mee werkt.<\/p>\n<h2>Wat maakt ons anders?<\/h2>\n<p>We beloven niet zomaar iets; we doen het ook. Bij ons krijg je:<\/p>\n<ul>\n<li><strong>Vrij is \u00e9cht vrij:<\/strong> Jouw vrije dagen zijn \u00e9cht van jou. Geen telefoontjes, geen werkstress.<\/li>\n<li><strong>Volop opleidingsmogelijkheden:<\/strong> Je groeit in je vak \u00e9n blijft bij op alle ontwikkelingen.<\/li>\n<li><strong>Z\u00e9lf je vrije dag kiezen:<\/strong> Oppassen of een leuke hobby? Jij combineert dit makkelijk met jouw werk.<\/li>\n<li><strong>Dubbelen is geen gewoonte:<\/strong> Meer tijd per gezin betekent meer impact \u00e9n minder stress.<\/li>\n<li><strong>Werken op rooster:<\/strong> Jij weet drie maanden van tevoren wanneer je werkt en wanneer je vrij bent.<\/li>\n<\/ul>\n<h2>Wanneer jij bij ons past<\/h2>\n<p>Je bent een gediplomeerde kraamverzorgende met liefde voor je vak. Jij wilt het verschil maken voor kraamgezinnen en vindt het belangrijk om daarbij ook zelf in balans te blijven. Herkenbaar? Dan ben je bij ons op je plek.<\/p>\n<h2>Ons aanbod<\/h2>\n<p>Bij KRAAMZORG BALKAN krijg je:<\/p>\n<ul>\n<li>Een contract voor onbepaalde tijd, als we de perfecte match zijn.<\/li>\n<li>Maandelijks salaris volgens FWG 35 van CAO Kraamzorg (max. \u20ac 3.413 bruto excl. vergoedingen en toeslagen).<\/li>\n<li>Natuurlijk een reiskostenvergoeding, onregelmatigheidstoeslag (40%), goede pensioenregeling en een vergoeding voor je wachtdiensten.<\/li>\n<li>Vakantiegeld (8% van je bruto jaarsalaris) en een eindejaarsuitkering (7.7% van je bruto jaarsalaris incl. vakantiegeld).<\/li>\n<li>Ruim 7 weken verlof.<\/li>\n<li>Veel ruimte voor jouw werk\/priv\u00e9-wensen \u2013 drie weken vrij in de zomer? Geen probleem!<\/li>\n<li>Een professionele organisatie met een warme, positieve sfeer.<\/li>\n<li>Betaalde bijscholingen om jezelf verder te ontwikkelen.<\/li>\n<li>1-op-1-tijd voor jouw cli\u00ebnten, zodat jij echt kunt doen waar je goed in bent.<\/li>\n<\/ul>\n<p>Als kraamverzorgende moet je soms reizen naar gezinnen in de buurt of verder weg. Daarom is een rijbewijs en de beschikking over een auto een vereiste, om het werk goed en veilig te kunnen doen.<\/p>\n<h2>Beschikbaar in regio<\/h2>\n<p>Amsterdam, Weesp, Zaandam,&nbsp;Almere en Gooi en Vechtstreek.<\/p>\n<h2><strong>Kraamverzorgende<\/strong><br><strong>bij ons worden?<\/strong><\/h2>\n<p>Benieuwd geworden? Meteen solliciteren? Wij houden dit het liefst persoonlijk. Vandaar dat je geen ingewikkeld sollicitatieproces terugvindt op de website. Liever nemen we contact met je op, op een manier die bij jou past. Tot gauw!<\/p><\/div>\n\t\t\t\t\t\t\t\t\t<div class=\"elementor-tab-title elementor-tab-mobile-title\" aria-selected=\"false\" data-tab=\"2\" role=\"tab\" tabindex=\"-1\" aria-controls=\"elementor-tab-content-1212\" aria-expanded=\"false\">Open Sollicitatie<\/div>\n\t\t\t\t\t<div id=\"elementor-tab-content-1212\" class=\"elementor-tab-content elementor-clearfix\" data-tab=\"2\" role=\"tabpanel\" aria-labelledby=\"elementor-tab-title-1212\" tabindex=\"0\" hidden=\"hidden\"><h1>Open Sollicitatie<\/h1><p>Wij komen graag in contact met goed gemotiveerde en gekwalificeerde kraamzorg personeel. Ben je afgestudeerd in gezondheidszorg branche gevolgd, ervaring op een kraamzorg en vind je het leuk om bij KRAAMZORG BALKAN te komen werken laat het ons dan weten.<\/p><p><strong>Goede medewerkers zijn bij ons altijd welkom.<\/strong><\/p><p>Stuur je sollicitatiebrief met je CV per e-mail naar <a href=\"mailto:info@kraamzorgbalkan.nl\">info@kraamzorgbalkan.nl<\/a>.<\/p><\/div>\n\t\t\t\t\t\t\t<\/div>\n\t\t<\/div>\n\t\t\t\t\t\t<\/div>\n\t\t\t\t<\/div>\n\t\t\t\t\t<\/div>\n\t\t<\/div>\n\t\t\t\t\t<\/div>\n\t\t<\/section>\n\t\t\t\t<\/div>\n\t\t","protected":false},"excerpt":{"rendered":"<p>Onze vacatures Wij komen graag in contact met goed gemotiveerde en gekwalificeerde kraamzorg personeel. Ben je afgestudeerd in gezondheidszorg branche gevolgd, ervaring op een kraamzorg en vind je het leuk om bij KRAAMZORG BALKAN te komen werken laat het ons dan weten. Goede medewerkers zijn bij ons altijd welkom. Stuur je sollicitatiebrief met je CV [&hellip;]<\/p>\n","protected":false},"author":1,"featured_media":0,"parent":0,"menu_order":0,"comment_status":"closed","ping_status":"closed","template":"","meta":{"footnotes":""},"class_list":["post-5133","page","type-page","status-publish","hentry"],"_links":{"self":[{"href":"https:\/\/kraamzorgbalkan.nl\/index.php?rest_route=\/wp\/v2\/pages\/5133","targetHints":{"allow":["GET"]}}],"collection":[{"href":"https:\/\/kraamzorgbalkan.nl\/index.php?rest_route=\/wp\/v2\/pages"}],"about":[{"href":"https:\/\/kraamzorgbalkan.nl\/index.php?rest_route=\/wp\/v2\/types\/page"}],"author":[{"embeddable":true,"href":"https:\/\/kraamzorgbalkan.nl\/index.php?rest_route=\/wp\/v2\/users\/1"}],"replies":[{"embeddable":true,"href":"https:\/\/kraamzorgbalkan.nl\/index.php?rest_route=%2Fwp%2Fv2%2Fcomments&post=5133"}],"version-history":[{"count":12,"href":"https:\/\/kraamzorgbalkan.nl\/index.php?rest_route=\/wp\/v2\/pages\/5133\/revisions"}],"predecessor-version":[{"id":5445,"href":"https:\/\/kraamzorgbalkan.nl\/index.php?rest_route=\/wp\/v2\/pages\/5133\/revisions\/5445"}],"wp:attachment":[{"href":"https:\/\/kraamzorgbalkan.nl\/index.php?rest_route=%2Fwp%2Fv2%2Fmedia&parent=5133"}],"curies":[{"name":"wp","href":"https:\/\/api.w.org\/{rel}","templated":true}]}}